 = -73*s + 73*s - 4*s**l - 1. Let w = -5 + 4. Determine u(w).
3
Suppose 2*x = 13 - 1. Let r(v) = -4*v. Determine r(x).
-24
Let c(w) be the second derivative of -1/3*w**3 - w**2 - 4*w + 0 + 1/20*w**5 + 1/6*w**4. Give c(2).
10
Let d(y) be the second derivative of -1/3*y**4 - 5/2*y**2 - 1/2*y**3 - 9*y + 0 - 1/20*y**5. Determine d(-4).
7
Let w(x) = 7*x + 0 - 9*x - 10 + 41. Let b(g) = g - 16. Let q(d) = 5*b(d) + 3*w(d). Give q(0).
13
Let m(g) = 35*g**3 + 3*g - 17. Let l(w) = 12*w**3 + w - 6. Let v(d) = -17*l(d) + 6*m(d). Let c be (-14)/10 + (-5)/((-100)/8). Give v(c).
-7
Suppose -4*k - 8 = -2*r, -3*r - 6*k - 32 = -k. Let z(l) = l**3 + 5*l**2 + 3*l - 3. Calculate z(r).
1
Suppose 24*l - 2 = 23*l. Let x(g) = 9 - 2*g - 23*g**l - g**3 + 15*g**2 + 0*g - 2*g. Determine x(-7).
-12
Let s(o) = o**3 - 3*o**2 + 3. Let x(t) = 7*t**2 - 8*t - 12. Let f be x(-3). Let k be 30/70 + f/21. What is s(k)?
19
Let f(k) = -k**3 + 4*k**2 + k - 3. Let h(y) = y - 10. Let m be h(9). Let b = 3 - m. What is f(b)?
1
Let u(p) = -3*p + 8. Let v(t) = 10*t + 6*t - 33 - 3*t. Let q(n) = 9*u(n) + 2*v(n). What is q(4)?
2
Let r(o) = o**3 + o**2 - o + 1. Let k(w) = -7*w**3 - 11*w**2 + w - 12. Let g(f) = k(f) + 6*r(f). Let z = 15 + -19. Determine g(z).
-2
Let a(l) = l - 1. Let u(z) = -5*z - 10. Let v(s) = 6*a(s) + u(s). Determine v(8).
-8
Let u = 843 + -846. Let g(l) = l**3 + 5*l**2 + 5*l + 2. Give g(u).
5
Let g(q) be the first derivative of -q**4/4 - 11*q**3/3 - 11*q**2/2 - 13*q + 41. Calculate g(-10).
-3
Suppose -m + 1 + 2 = 0. Suppose -7*u - m = -38. Let d(s) = s**3 - 6*s**2 + 4*s - 3. Give d(u).
-8
Let b(f) = f**2 + 17*f + 36. Let y be b(-15). Suppose -o = -y - 0. Let s(k) = k - 12. Determine s(o).
-6
Let w(a) = -12*a**3 + 2*a**2 + 4*a + 13. Let x(y) = y**3 + y + 2. Let c(j) = w(j) - 6*x(j). Give c(1).
-17
Suppose -5*u + 10 = 5*a, 2*a = 3*u - 2*a - 34. Let q(t) = 43*t**2 - 42*t**2 + 87*t - 93*t - 4. What is q(u)?
-4
Let u = -93 - -106. Let k(x) = -x + 21. What is k(u)?
8
Let b = -32 + 31. Let m be (b/2)/(1/(-6)). Let s(d) = 7 - m*d - 8 + 6. Give s(5).
-10
Let p(w) = 9*w**2 - 1747*w**3 - 2*w + 10 + 1752*w**3 - 4*w. Let v(d) = -11*d**3 - 19*d**2 + 12*d - 22. Let g(m) = 9*p(m) + 4*v(m). Give g(-6).
2
Let c(k) = 2*k**2 + 3*k - 12. Let l = -356 - -352. Determine c(l).
8
Let p(o) be the first derivative of o**3/3 - 7*o**2/2 + 7*o + 248. Give p(5).
-3
Suppose -2*g - 5*n - 7 = 0, -4*n - 5 = -5*g + 27. Let m(r) = r**3 + r**2 + 2*r + 1. Let a(o) = -o**3 - 7*o**2 - 3. Let l(j) = a(j) + 2*m(j). Calculate l(g).
-1
Let d(k) be the third derivative of k**5/60 + k**4/8 - 2*k**3/3 - 49*k**2. What is d(-4)?
0
Let j(n) be the second derivative of -3/20*n**5 - n + 0*n**3 + 0 - 1/12*n**4 + 0*n**2. Let q(p) = 4*p + 63. Let r be q(-16). What is j(r)?
2
Let m(l) = -2*l + 16. Let p(j) = 7*j - 47. Let v(x) = 8*m(x) + 3*p(x). Determine v(10).
37
Let v(o) be the second derivative of o**5/20 + o**3/6 - o**2/2 + 58*o. Calculate v(2).
9
Suppose 3 = 3*h + 15, 3*s - 83 = 5*h. Suppose s - 36 = 3*n. Let y(t) = -t**3 - 5*t**2. Calculate y(n).
0
Let v(c) = -312 - c**3 - 6*c**2 + 314 - 2*c**2 - 2*c + 0*c**3 + 0*c**3. Calculate v(-7).
-33
Let i(w) = -16*w + 20. Let b(k) = k - 1. Let f(n) = -12*b(n) - i(n). Give f(2).
0
Suppose 6*u - 4 = 20. Let o = u - 1. Let d(n) = -n**3 + 2*n**2 + 2. What is d(o)?
-7
Let g(u) = -5*u**2 + 23*u + 9. Let k(m) = -m**2 + m. Let p(t) = g(t) - 2*k(t). Determine p(7).
9
Let b(l) = l**3 - l**2 + 2*l - 1. Let a = -364 + 367. Give b(a).
23
Let b be 8/(-4)*1 + 1*6. Let a(l) = -9*l + 3 + 9 + 3*l + b*l. Determine a(9).
-6
Suppose -2*m + 0*m = 4*q + 8, 4*q - 20 = 5*m. Let g(u) = -u**3 + u**2 - u - 13. What is g(q)?
-13
Let b(y) be the first derivative of y**5/20 - y**3/6 - 3*y**2/2 + 41*y - 29. Let v(l) be the first derivative of b(l). What is v(0)?
-3
Let d(h) = 13*h - 2. Suppose -4*q = 5*m - 3 - 14, -4*m + 4 = 0. Let v(f) = -7*f + 1. Let g(c) = q*d(c) + 5*v(c). Give g(2).
7
Let m(f) be the third derivative of f**8/20160 - f**7/840 - f**6/360 - f**5/15 + f**2. Let k(l) be the third derivative of m(l). Calculate k(6).
-2
Let p(a) = -31*a + 4 + 31*a - 8*a**2 + a**3. Let i(k) = 3*k + 52. Let f be i(-16). Suppose 0 = f*r - 10*r + 48. Give p(r).
4
Suppose -4*s + 3*s + 3 = 0. Suppose -5*m - 26 = s*g, 0 = -2*m - 3*m - g - 22. Let p(q) = q**2 + 6*q + 4. Determine p(m).
-4
Let o(b) = 12*b - 40. Let f(s) = 4*s - 13. Let j(x) = -7*f(x) + 2*o(x). Give j(5).
-9
Let w(x) = 5*x + 4. Let q(b) = 66*b + 51. Let u(g) = -2*q(g) + 27*w(g). Let d = -51 + 57. Suppose d - 30 = 6*m. Give u(m).
-6
Suppose -2*y + 22 = 6. Suppose 24 = 4*n + 3*i, 4*n - i = 4*i - y. Let d(c) = -2*c**n + 3*c**3 + 5 - 2 + c - 2*c. Calculate d(0).
3
Let g = 570 - 582. Let j(n) = n**3 + 11*n**2 - 12*n - 11. What is j(g)?
-11
Let n(c) = 2. Let s(p) = p. Let q(d) = 4*n(d) - s(d). Let u(a) = a**2 + a + 5. Let w be u(0). Suppose 0 = -5*t + 4*g + 12, 2*t - 18 = w*g - 3. Calculate q(t).
8
Let t(v) = v. Let q be t(3). Let l be (-615)/20 - q/(-4). Let r be l/(-5) - (2 + -2). Let u(i) = 3*i - 9. Give u(r).
9
Let m(t) = 8*t - 6. Let j(b) = 3*b - 2. Let p(n) = -11*j(n) + 4*m(n). Let c be 38/(-6) - 6/(-18). What is p(c)?
4
Let t(f) = f**2 - 8*f + 2. Let u(h) = h**3 + 9*h**2 - 9*h + 21. Let w be u(-10). Suppose -10*p = -w*p + 9. Calculate t(p).
11
Let l(q) = 12*q**2 - 49*q**2 + 16*q**2 + 3 + 14*q**2 + 6*q**2. What is l(-4)?
-13
Let m(g) = 2940*g - 5882. Let s be m(2). Let q = 2 - 0. Let p(c) = 2 - 3*c**2 - 3 + 2 - q*c**3. Give p(s).
5
Let p(y) = -5*y**2 - 4*y + 2*y**3 - 3*y**3 + 0*y**3 - 2*y**2 - 1. Give p(-4).
-33
Let r = 24 + -18. Let u(y) = 6 - 6*y**3 + 11*y**3 - 2*y**2 - r*y**3 - 5*y**2. What is u(-7)?
6
Let o(c) = 3*c**3 + 32*c**2 - 3*c - 6. Let y(f) = f**3 + 11*f**2 - f - 2. Let x be (-4)/(-10) - (-4 + 18/(-5)). Let m(z) = x*y(z) - 3*o(z). Determine m(-8).
-6
Let u(v) = 3*v + 4. Suppose 13 = i + 10. Determine u(i).
13
Let j(m) be the third derivative of -m**6/120 + m**5/30 - m**4/12 - m**3/2 + m**2 - 2*m. Give j(3).
-18
Let i(z) = -z**3 + 8*z**2 - 6*z - 1. Let g be i(7). Let h(f) be the third derivative of f**6/120 - f**5/12 - 7*f**4/24 + f**3/6 + f**2 - 42. Determine h(g).
-5
Let l = -2 - -2. Suppose -v = -l - 3. Let j(k) = 5 - 9 + 1 + 0*k - 3*k. Calculate j(v).
-12
Let j(r) = 10*r + 9. Let o(b) = -4*b - 1. Let u(k) = j(k) + 2*o(k). Give u(-6).
-5
Let x(t) = -2*t + 6. Let z be (-969)/(-9) - ((-12)/9)/(-2). Let p = -102 + z. What is x(p)?
-4
Let r(i) = i**3 - 4*i**2 - 2*i + 4. Let k = 0 - -2. Let s(x) = -x + x**2 + 0*x**2 + k*x**2. Let n be s(-1). Calculate r(n).
-4
Let b(d) = 4*d**2 + 4*d - 1. Let s(m) = -10*m**2 - 13*m + 2. Let l(x) = 8*b(x) + 3*s(x). Calculate l(5).
13
Let j be 27/(-18)*(-20)/6. Let b(v) be the second derivative of v**5/20 - v**4/3 - 2*v**3/3 + v**2 + 28*v. Calculate b(j).
7
Let w(j) = j**2 + 2*j + 3. Suppose 24 + 600 = 12*a. Let k be (a/(-39) + (-2)/(-1))*-3. Determine w(k).
3
Let g = -5 - -11. Let y(c) be the second derivative of c**4/12 - 5*c**3/6 - 3*c**2/2 - 1319*c. Give y(g).
3
Suppose -8*q - 108 = q. Suppose 40 - 10 = -5*m. Let u be (q/36)/((-2)/m). Let s(h) = 13*h**3 + h. Calculate s(u).
-14
Let r(f) = -12 + 7 + 3*f + f**2 + f. Let b be r(2). Let y(l) = l**3 - 7*l**2 - 5. Give y(b).
-5
Let w(n) = -3*n - 8. Let l(x) = x + 3. Suppose 0 = -10*p + 13*p - 51. Let i(f) = p*l(f) + 6*w(f). Calculate i(0).
3
Let o(q) = 4*q + 0*q - 13*q - 2. Calculate o(-1).
7
Suppose x - 1 = -2*i, x + 20 = -5*i + 6*x. Let u be (i/(-4))/((-19)/(-4) + -5). Let b(y) = 7*y**3 + 2*y**2 - 1. What is b(u)?
-6
Let z(d) = d**3 - 6*d**2 + 2*d + 9. Suppose -4*i = -29*i + 150. What is z(i)?
21
Let b(h) be the first derivative of h**3/3 - 3*h - 3. Let j be (-2 - (-4 - -2))/(-3). Let r be j*((-36)/8 - -4). What is b(r)?
-3
Let x(c) = 4*c**3 + 2*c**2 + 6*c - 1. Let a(u) = u**3 - u**2 + u + 1. Let h(r) = -3*a(r) + x(r). What is h(-3)?
5
Let g(v) be the first derivative of v**3/3 - 17*v**2/2 - 47*v + 752. What is g(19)?
-9
Let f be 0 + 8 - (3 + 1). Let k be 38/7 - f/(-7). Let c(h) = -h**2 + 7*h - 4. Give c(k).
2
Suppose -1952 + 452 = -4*s. Let g(h) = -2*h**2 + s - 375 - 3*h. Give g(-3).
-9
Let a(y) = 2 - 4 + 1052*y**2 + 4*y - 1048*y**2 - 2*y. Give a(-3).
28
Let z(g) = -3*g**2 - 7*g + 2. Let w(m) = -4*m**2 - 10*m + 3. Let k(q) = 5*w(q) - 7*z(q). Let v(d) = 6*d**2 - 9*d +